culate (9 - 1) + (-43 - (33 + -69)).
1
-9 - -25 - 9 - (1 + 16)
-10
What is the value of 14 + (17 - 17) - 11?
3
Evaluate (-15 - (-60 + 20)) + 3.
28
Evaluate (11 - (8 - (13 - 14))) + -5.
-3
Calculate (40 - 57) + 8 + -15.
-24
What is 22 - (-16 + 25 + 7)?
6
-5 - (-11 + 18 + -17)
5
What is the value of -21 + (-9 - -33) + 0 + -1?
2
Evaluate 112 - 104 - (22 + -2).
-12
What is the value of -14 - (-20 - (4 + -3))?
7
Evaluate 79 - 87 - (4 - (-4 - (4 + -5))).
-15
What is the value of -5 + -6 + (4 - -1) - -4 - 1?
-3
101 + -98 - (3 - (-1 + 12))
11
What is -8 + (-4 - (-1 - -4) - 0) - -3?
-12
What is -5 + (10 - (-10 + 9)) + 8?
14
Evaluate 0 + 0 + -4 + -4 - (-74 + 82).
-16
What is the value of -8 - -3 - -9 - (-10 + 5 + 6)?
3
Evaluate 3 + 19 + -5 + -13.
4
Evaluate 3 + 4 - -2 - (199 + -197).
7
Evaluate 10 - (-3 - (6 - 4 - 9)).
6
What is 2 + 2 - (384 + -375)?
-5
Evaluate 13 + 4 + (-7 - -6) + (6 - 7).
15
Evaluate 25 + -26 - -1 - -1.
1
What is the value of 482 + -490 - (12 + 3 + -2)?
-21
(-1 + 3 + 5 - -22) + -6
23
Calculate (5 - -31 - (-8 + 15)) + -11.
18
What is the value of 15 + -28 - -17 - 0?
4
What is -8 - -2 - (3 - ((2 - -4) + 4))?
1
23 - ((37 - 46) + 0)
32
What is 10 + (-27 + -2 - (-13 - -8 - -11))?
-25
What is the value of 6 + 0 + -2 - (-465 - -478)?
-9
17 - (29 + (-7 - -20 - 9))
-16
(29 - 20) + -7 + -6
-4
Evaluate -79 + 74 - (-31 + -3 + 3 + 3).
23
Evaluate 21 - 7 - (17 - 14) - 7.
4
-16 - ((-1 - -6) + (76 - 61) - 12)
-24
What is the value of 28 - (-1 + 2) - (-22 + 19 - -1)?
29
What is 20 - 23 - (-1 + (-2 - (9 - 0)))?
9
What is the value of 13 + (-4 - (-23 - -48))?
-16
What is (7 + -6 - 16) + 11?
-4
Evaluate 65 - 73 - (-9 + 2 + -3).
2
What is (-47 - -50) + (0 + 5 - (4 + -15))?
19
Evaluate 5 - (-5 + (-4 - -10)) - (6 + -2).
0
What is -11 + 16 - (-1 - ((3 - 1) + -21))?
-13
Calculate (1 - -14) + 2 - 4 - -3.
16
Evaluate (-1 - -8) + -22 + 8 + 6.
-1
Calculate -8 - (-6 + (-1 - (5 + -13))).
-9
Evaluate 20 + -7 + -4 + 1.
10
What is the value of 0 - (-3 - -5) - 9 - (-1 + 3)?
-13
What is the value of -22 + 9 + -2 + 3 + 194 + -216?
-34
Calculate 1 + -7 - -37 - 11 - (0 - -4).
16
Calculate 13 + (4 - 25 - -1) - (1 - -3).
-11
Calculate 16 - (8 + 1 + 9).
-2
What is (-16 - 2) + 18 + (3 - (-2 - 0))?
5
12 + (-14 - -10) + -12
-4
What is the value of -12 + -6 + (1 - 6 - -18)?
-5
-20 + 0 - (-8 - -5 - 4)
-13
-9 - (-2 + (3 - 1 - (10 + -4)))
-3
Evaluate 2 + (-1 - 4) + 12 + (-11 - -7).
5
What is the value of 3 + -1 + 10 + -7 + 3?
8
Calculate (22 - 79) + 39 + -16.
-34
What is the value of (-2 - 1) + (11 - 18)?
-10
Calculate 2 + -34 - (-55 + 48 - -5).
-30
What is -1 - (-1 - -7 - (74 + -51))?
16
What is (149 - 141) + (-15 - (0 - 1 - -1))?
-7
What is the value of (-1 - (2 + 0)) + (-14 - 13 - -38)?
8
(10 + -16 + 11 - 17) + 13
1
What is (21 - 17 - -3) + -14 - (-1 + -13)?
7
What is -18 + -21 - -28 - (-10 - -3)?
-4
Calculate (18 + -17 + 35 - -12) + -17.
31
Evaluate 4 - ((-12 - (-21 - -6)) + (1 - -1)).
-1
What is 7 - (21 + (-1 - (5 + 3)))?
-5
Evaluate -861 + 874 + (-18 - 0).
-5
Calculate 9 - (-18 - (7 - 12) - -5).
17
12 + (10 - 30) + -17
-25
What is (0 - 6) + -12 + 16?
-2
Calculate 3 - (-14 + 0 + 23).
-6
Calculate 18 + 1 + (104 - 118) + 7.
12
What is -14 - (7 - 26 - -4)?
1
17 + -2 + -52 + 14
-23
Evaluate -8 - (-10 + -2 - -12).
-8
Calculate (-7 - 6 - -26) + -13 + 5.
5
What is the value of (15 - (-2 + 12)) + (2 - -9) + 0?
16
Calculate (-9 - (11 - 24)) + (-11 - 0).
-7
35 + -38 - (0 + -3 - -3 - -6)
-9
What is the value of 7 - (-1 + -1 + -41 + 38)?
12
What is (2 - -6 - 14 - 1) + 22?
15
-17 - -12 - (2 + 5)
-12
-17 - (-22 - -29 - 21)
-3
4 + (10 - (1 - -3)) + 0
10
(3 - (-6 - -2)) + 18 + -38
-13
-1 + (-8 - -9) - (-4 + 3 - -14)
-13
Calculate (4 - -22 - 3 - 5) + -5.
13
-4 - (8 + -4 + 0 + -6) - 0
-2
Calculate -3 + -7 + 24 + -4 + 1.
11
Evaluate 3 + -3 + 10 + -11.
-1
What is the value of (1 - 2) + -22 + 35 + -8?
4
What is the value of 1 + 4 - (-203 - -209)?
-1
What is 2 + (-9 - -6) + (12 - 20) - -9?
0
What is (11 - (6 - 0)) + (0 - 0)?
5
Calculate 6 + 7 + -7 + 10 + -2.
14
-1 - (25 - 14 - 22 - (-9 - 0))
1
Evaluate -14 - (8 - (28 + -10)) - 25.
-29
Evaluate (-12 - (-8 - -5)) + 1.
-8
6 + (-6 - (-2 - -2)) - (2 + 0)
-2
What is -11 + (-5 + -6 + 9 - -7)?
-6
What is -3 - (-3 + 12 + 2 + -19)?
5
What is 25 + -34 + 7 - (0 + -1)?
-1
What is -28 + -1 - (-35 + -7 + 26)?
-13
(-25 + 14 - 1) + 0
-12
5 - (1 - 6 - -1 - -2)
7
Evaluate (2 - -23) + (154 - 143).
36
What is the value of (23 - 10 - 10) + 9 - -5?
17
Evaluate -2 - (-1 - 3) - 11.
-9
What is (-17 - -1) + (44 - 36)?
-8
What is (-25 - 0 - -1) + -1748 + 1752?
-20
Calculate 63 - 51 - (-3 + 5).
10
What is -26 + 2 + (-225 - -249)?
0
What is the value of 2 - (-5 + 7 + -12 - -4)?
8
What is 0 + (1 - (-6 + 12 - (-3 + 14)))?
6
Evaluate 15 - (-8 - -11 - (3 + 2)).
17
What is the value of -23 - -1 - (-305 + 293) - (2 + 0)?
-12
-7 + 0 + -6 + (12 - (-1 - -9))
-9
What is the value of (-11 - -12 - -5) + -6 + 0?
0
-4 - -4 - (-44 + 47)
-3
What is 4 + -1 + -3 + (-1 - 4 - 6)?
-11
Evaluate 8 - 30 - (-4 + 3 + -3).
-18
Calculate (-3 - -28) + -23 - (-10 - 0).
12
Calculate 0 - -1 - (-8 + 14) - 1 - -20.
14
-5 - (-4 + (-4 - (-6 - -3 - -2)))
2
What is -12 - 2 - (-19 - -11) - (1 - 0)?
-7
What is (-6 - -8) + (-11 + (-2 - -3) - 4)?
-12
Evaluate 12 + (-3 - 1) - 19.
-11
Evaluate 8 - (-1 - (1 - 11 - -3)).
2
What is (0 - 22) + (2 - -3 - -2)?
-15
What is the value of -29 - (2 + -19) - -9?
-3
What is 0 + 16 + (-16 - (6 - 35)) + -15?
14
Calculate 0 - ((8 + 6 - 8) + 2 + -3).
-5
(-295 - -307) + (5 - (0 - 1)) - 6
12
Calculate (-3 - -5) + (2 + 6 - (15 + -5)).
0
What is the value of 11 + (-31 - (-4 + -12))?
-4
What is the value of (1 - 0) + -6 + (7 - 2)?
0
Calculate 9 + 1 + -99 + 92 + -13.
-10
Calculate (-7 - (-3 + -5)) + -7 - 3.
-9
What is 4 - 1 - (24 + -16 + -11)?
6
Evaluate 10 + (7 + -4 + 9 - 5).
17
Evaluate (-17 - -8) + 15 - -7.
13
What is -9 - (5 + -14 + -4)?
4
What is -6 + 3 - (-7 - (-11 - -6)) - -6?
5
What is (1643 - 1642) + (8 - (2 + -1 + -3))?
11
What is 8 + (-14 - 6) + 3 + -1?
-10
Evaluate 11 - ((1 - 2 - -6) + -210 + 210).
6
What is 45 + -7 + -24 + (-1 - 30)?
-17
What is the value of -19 - -1 - (-160 + 145)?
-3
What is 14 + (-17 - 18) + 15?
-6
1 + (4 - 9) + 1 - 8
-11
Evaluate 12 - (1 + 13 - (8 - 0)).
6
What is the value of 219 + -209 - (-1 + 1 - -1)?
9
-4 - (2 - -1 - 8) - (-27 + -1)
29
Evaluate -2 - (-37 + 14) - 24.
-3
What is the value of 23 + (-9 - 0 - (-105 + 105))?
14
What is the value of (-25 - ((-11 - -3) + 1)) + (9 - 6)?
-15
-3 + (15 - 47 - -13 - -11)
-11
12 + (0 - (-3 - -6)) + 0
9
Calculate (0 - -2) + (28 - (16 + -3)).
17
20 + (11 + 1 - 19)
13
Evaluate (14 - (3 - 26)) + -3.
34
(6 - 1) + -6 + -6 + 8 + 10
11
Calculate -4 + 10 + -24 - -13.
-5
Evaluate 1 + 10 - (-11 - (-7 + (-5 - -8))).
18
What is the value of (12 + (11 - 3) + -10 - 4) + 16?
22
Calculate 1 - (-2 + 3) - (-10 + 29 - 34).
15
What is the value of -452 - -485 - (16 - 1)?
18
(24 - 22) + 8 + -8
2
What is (24 - 9) + -10 + 3 - -21 - 1?
28
What is 0 + -35 - (-67 + 45 + (10 - 0))?
-23
What is -39 - (-51 + 74 + -32)?
-30
Evaluate 54 + -24 - (80 - 34).
-16
-4 + -1 + -15 + 15
-5
What is (22 - (-8 + 49)) + 4?
-15
What is the value of 14 - 2 - (-1 + -2) - 0?
15
Evaluate -10 - (-11 + -8 - (-1 - 41)).
-33
Evaluate 26 + (-2 - -6) + -10.
20
What is the value of 60 + -51 - (0 + -12)?
21
Evaluate -15 + 47 - (-8 - 4 - -12).
32
Evaluate 4 - (-3 + 2 + -4 - (-14 + -2)).
-7
What is the value of (-1 + 2 - -4) + -10 - 1?
-6
Evaluate 8 + (10 + 11 - 45).
-16
What is (-27 - -3) + (0 - -14) - (1 + -2)?
-9
Calculate -34 - (-8 + 3 - -8 - 13).
-24
What is the value of 19 + (-1 - 15) + 6?
9
Evaluate 6 - (12 + -7 + -1 - -22 - 2).
-18
(1 + -10 - -5) + -13 + 26 + -5
4
What is the value of (1 - (-13 + 5 - -11)) + -6?
-8
1064 + -1030 + (-65 - -2)
-29
-31 + 12 + 6 + -4 + 0 + -6
-23
22 - (13 - -4) - -8
13
-1 - -31 - (-8 - (-18 - -15) - -2)
33
5 + 1 - (9 + (34 - 33))
-4
What is -81 - (66 - 136) - (0 + 10 - 1)?
-20
What is 15 - (26 + 3 + -22)?
8
4 - (8 + -1 + -10 + 1)
6
Evaluate 4 + (-18 + -2 - (44 - 75)).
15
What is 8 + (-12 - -15 - 2)?
9
What is 12 + -6 + 7 + -20?
-7
25 + (-63 + 29 - -14)
5
What is (-6 - -7) + -3 + -2 + -1 + -2?
-7
What is -8 - (-18 - (3 - 12))?
1
Calculate -56 - -61 - (-2 + 12 - -2).
-7
Evaluate 4 + (-6 - -2) + (-2 - -3 - -8).
9
(-1 - 2) + (5 - -4) - (32 -